on factor of 42 and k.
14
Let u(h) = -h**2 - 3*h. Let k be u(-3). Let o = k - 1. Let m be -4*8/1*o. What is the greatest common divisor of m and 8?
8
Let y be -2 + 1 + 610/10. Let a(c) = c**2 - 2*c. Let k be a(-3). Calculate the greatest common factor of k and y.
15
Suppose 0 = 2*q + 5*p - 75, 4*q = p + 87 + 96. What is the highest common factor of q and 180?
45
Suppose -16 = 4*y - 2*g, 3*y - 13 = 4*y - 5*g. Let n be (7 + y)*53/4. Suppose n = d + 7. Calculate the highest common factor of 115 and d.
23
Suppose -15 = -5*u, 6 = 4*x - 2*u - 0. Suppose 10 = 5*g - p, -10 = 5*g + x*p - 0*p. What is the greatest common factor of 2 and g?
1
Suppose 2 = -0*m - 2*m + 2*f, 5*m + 5*f - 25 = 0. Let a = -2 + m. Suppose a*t = t - 16. Calculate the highest common divisor of t and 2.
2
Suppose -7*s = -4*w - 4*s - 9, 2*w - 3 = -s. Suppose 0*r + 4*r + 4 = w. Let y be 35/(-1)*r - 2. Calculate the greatest common factor of y and 3.
3
Suppose -4*q - 3*v = -246, v - 250 = -4*q - 0*v. What is the highest common divisor of q and 9?
9
Suppose -3*i + 3 + 9 = 0. Let y be (-4 + i - -1) + 36. What is the highest common factor of y and 37?
37
Let z be (2/(-4))/(3 - 19/6). What is the highest common divisor of z and 21?
3
Let q be 3 + (2/(-2) - -20). Calculate the highest common divisor of 22 and q.
22
Let l = -91 + 101. What is the highest common divisor of l and 5?
5
Suppose -2*a - 56 = -3*z, 2*z - 5*a + 50 = 4*z. Let q(i) = -14*i + 2. Let p be q(-7). What is the greatest common divisor of p and z?
20
Suppose 0 = -5*g - 10, -2*g + 2 = 2*j + j. Let l be (-6675)/(-35) - j/(-7). Suppose -205 = -3*n + l. Calculate the greatest common divisor of n and 12.
12
Suppose -2*p = -5*u + 197, -2*p = 3*u - 4 - 111. What is the highest common factor of 6 and u?
3
Let o(r) = 3*r + 2. Suppose -4*a = -0*a - 40. Let w be o(a). What is the greatest common divisor of w and 8?
8
Suppose -2*r = 4*r. Suppose -7 = -n - a, n + 2*a + r*a - 6 = 0. Calculate the greatest common factor of n and 16.
8
Let j be -5*(9/(-15))/1. Let v be (-6)/(-27)*j*12. Calculate the greatest common factor of v and 32.
8
Let j(c) = c**3 + 11*c**2 + c + 25. Let x be j(-11). Calculate the greatest common divisor of 7 and x.
7
Let v(m) = 4*m + 10. Let x be v(5). What is the greatest common factor of 120 and x?
30
Let c be 4*(-2)/(-24) - 128/(-12). Calculate the greatest common factor of 33 and c.
11
Let n be (1 - -4)*28/10. Let k = 13 + -8. Suppose 4 = 3*p - 5*a + 3, k*p + 2*a - 43 = 0. What is the greatest common factor of p and n?
7
Let a = 9 - -3. Calculate the greatest common factor of 60 and a.
12
Let n be (-126)/(-2) - (-12)/(-4). Calculate the greatest common divisor of 24 and n.
12
Let x be (-208)/(-14) - (-1)/7. What is the greatest common factor of x and 75?
15
Let x(c) = 31*c**2 + 3*c + 5. Let o be x(-3). What is the greatest common divisor of 25 and o?
25
Let n be (-3)/6*4*-6. Let o be -9*3/(-3) + -3. What is the highest common divisor of n and o?
6
Let n = -206 + 290. Calculate the highest common divisor of n and 14.
14
Let j = -8 - -10. Suppose -37 = -6*x + 47. Calculate the highest common factor of x and j.
2
Suppose 3*r - 5 = 34. Let j(l) = -l**2 - 6*l - 3. Let g be j(-5). Suppose -4*w - h = 3*h - 164, -g*h = w - 43. What is the highest common factor of w and r?
13
Let c(b) = -b**3 - 11*b**2 - b - 9. Let f be c(-11). Suppose 5*i - 15 - 40 = 2*h, 3*i - f*h - 37 = 0. Calculate the greatest common divisor of 45 and i.
9
Suppose 0 = 3*y - m - 38, -4*m + m + 30 = 3*y. Suppose 0 = 4*g + 4*f - 256, -2*g + 150 = f + 26. Calculate the highest common factor of g and y.
12
Let t = 92 + -56. Let f(q) = -q**2 + 11*q - 9. Let m be f(7). Suppose -4*n = -5*p + 41, -2*p + 0*p = n - m. Calculate the highest common divisor of t and p.
9
Let v(l) = -l**2 + 13*l + 16. Let s be v(13). Suppose w = -s + 32. What is the highest common divisor of 128 and w?
16
Suppose 2*i - 6*i + 864 = 0. Suppose 4*l - 8 = -i. Let y be 1/2 - l/8. What is the highest common divisor of y and 77?
7
Suppose -5*r = 4*j + 2, -4*r - 4*j = -0*j + 4. Suppose -u - r*u = -24. Let l = 26 + -18. What is the highest common divisor of l and u?
8
Let u be 1*(-2)/1*-9. Let l be (-3)/(2/(24/(-9))). Suppose -l*t = -338 - 22. What is the highest common divisor of t and u?
18
Suppose 2*c - 3*c = -4. Let m be ((-2)/c)/(1/(-10)). Suppose x - 87 + 1 = -w, -4*w + m*x = -335. Calculate the highest common divisor of w and 17.
17
Let l be (-2)/((-10)/3) - 187/(-55). Calculate the greatest common divisor of 10 and l.
2
Let d = 48 + -36. Calculate the highest common factor of 4 and d.
4
Let g = 101 + -15. Let i = -50 + g. Calculate the greatest common factor of 9 and i.
9
Suppose 0*s - 576 = -6*s. What is the greatest common factor of s and 12?
12
Let z(n) = -n**3 - 2*n**2 + 2*n. Let f be z(-3). Suppose 3*b - f*c - 168 = 0, -3*b - 2*b - 3*c = -264. What is the highest common divisor of b and 6?
6
Let o = -4 - -7. Let t = 5 + o. Calculate the greatest common divisor of t and 24.
8
Let n(m) = -7*m + 2. Let u be (4/10)/((-5)/25). Let c be n(u). Let b = -22 + 62. Calculate the greatest common divisor of c and b.
8
Suppose -4*c = 5*m - 28, 6*m = -2*c + m + 24. Calculate the highest common factor of c and 6.
2
Let t = 11 - -14. Calculate the highest common factor of t and 10.
5
Let k be (-4)/(-14) - 236/(-7). Suppose 0 = -4*p - 2*d + k, -3*d - 13 + 48 = 4*p. What is the greatest common factor of 12 and p?
4
Let h = -9 - -50. Suppose 5*x - 39 = h. What is the greatest common factor of x and 8?
8
Suppose 5*p - l - 225 = 0, -p + 5*p - l - 180 = 0. Calculate the highest common factor of 10 and p.
5
Let f be 2/6*3*1. Let v = 10 - 2. What is the greatest common divisor of v and f?
1
Suppose -2*c = -0 - 10. Let j(a) = -a**2 + 7*a + 11. Let y be j(c). What is the greatest common factor of 7 and y?
7
Let d = -40 - -56. Suppose 3*y - 4*x = x + d, -5*y - x = -8. Suppose o + 2*f - 50 = 0, -y*f - 135 = -3*o - 3*f. What is the highest common divisor of 11 and o?
11
Suppose 9*z - 4*z - 80 = 0. Calculate the highest common factor of z and 176.
16
Let u be ((-4)/(-3))/((-1)/(-6)). Suppose d = -d + u, 2*d = -2*k + 10. Calculate the greatest common factor of k and 9.
1
Suppose 5*d - 16 = -3*d. Calculate the highest common factor of 18 and d.
2
Let f be 0/(-2 + 0/(-2)). Suppose f*h - 5 = -h. What is the highest common factor of h and 5?
5
Let x be 2 + -3 + (-6)/(-2). What is the highest common divisor of 8 and x?
2
Suppose 2*y = -x - 0*y + 9, -2*x + 24 = 2*y. Let r = -4 + x. Let t be 266/6 + (-1)/3. Calculate the highest common factor of t and r.
11
Let a = 21 - 18. Suppose -188 = 5*p - k - 738, -3*p = -5*k - 330. Suppose -a*h - 43 = -2*t - 2*h, 5*t - 2*h = p. What is the highest common factor of t and 12?
12
Let j(r) = -15*r + 12. Let u(n) = 8*n - 6. Let g(a) = -3*j(a) - 5*u(a). Let x be g(6). Calculate the highest common divisor of x and 8.
8
Suppose v + 3*v - 44 = 0. What is the highest common factor of 88 and v?
11
Suppose 5*q - 6*u - 47 = -3*u, -3*q + 3*u = -27. Calculate the greatest common divisor of 4 and q.
2
Suppose 0*p - 5*w - 23 = -4*p, 2*w + 6 = 0. Let s(k) = k + 6. Let z be s(-3). Suppose 0 = z*d - 5*d + p. Calculate the highest common divisor of d and 9.
1
Suppose -r - 12 = 4*l, -4*r - 40 = -2*l - 10. Let s(i) = -5*i - 10. Let a be s(r). Calculate the highest common divisor of a and 10.
10
Let w = 102 - 56. Let d = -24 + w. Calculate the highest common divisor of d and 22.
22
Let j(z) = 8*z. Let t be j(8). Calculate the greatest common factor of t and 32.
32
Let b(q) = -q**2 + q. Let k(l) = -5*l**2 + 14*l + 10. Let h(m) = -4*b(m) + k(m). Let d be h(8). What is the highest common factor of 65 and d?
13
Suppose -3*m = -4*s + 137, 0*m - 2*m - 38 = -s. What is the highest common divisor of s and 8?
8
Let t = 4 - 4. Suppose t*w + 3*g + 3 = 4*w, -3 = 3*g. Suppose w*i = 2*i - 42. Calculate the greatest common factor of 14 and i.
7
Let c(i) = -6*i**2 - 5*i**2 - i**3 + 8 - i + 3*i**2. Let g be c(-8). What is the highest common divisor of g and 128?
16
Let n be (36/(-90))/(1/(-10)). Let j = 2 + 40. Suppose 4*q - 60 = -n*l, 3*q + 2*l - j = -0*l. Calculate the highest common divisor of q and 30.
6
Let x(g) = 2*g + 18. Let y be x(-4). What is the highest common factor of y and 1?
1
Let g be (11/(-3))